{"id":24,"date":"2014-01-09T16:37:36","date_gmt":"2014-01-09T16:37:36","guid":{"rendered":"http:\/\/www.bellaspaurbano.com.br\/site\/?page_id=24"},"modified":"2016-01-07T23:50:22","modified_gmt":"2016-01-08T02:50:22","slug":"historia","status":"publish","type":"page","link":"https:\/\/www.bellaspaurbano.com.br\/site\/historia\/","title":{"rendered":"O BELLA SPA URBANO"},"content":{"rendered":"<p style=\"text-align: justify;\"><strong><img loading=\"lazy\" decoding=\"async\" class=\"wp-image-1402 alignleft\" src=\"http:\/\/www.bellaspaurbano.com.br\/site\/wp-content\/uploads\/2014\/01\/nova-montagem-logo.png\" alt=\"nova montagem logo\" width=\"167\" height=\"183\" srcset=\"https:\/\/www.bellaspaurbano.com.br\/site\/wp-content\/uploads\/2014\/01\/nova-montagem-logo.png 1777w, https:\/\/www.bellaspaurbano.com.br\/site\/wp-content\/uploads\/2014\/01\/nova-montagem-logo-600x657.png 600w, https:\/\/www.bellaspaurbano.com.br\/site\/wp-content\/uploads\/2014\/01\/nova-montagem-logo-594x650.png 594w, https:\/\/www.bellaspaurbano.com.br\/site\/wp-content\/uploads\/2014\/01\/nova-montagem-logo-936x1024.png 936w\" sizes=\"(max-width: 167px) 100vw, 167px\" \/>Criado no ano de 2012, o Bella Spa Urbano \u00e9 um espa\u00e7o diferenciado, com ambientes agrad\u00e1veis e com in\u00fameros servi\u00e7os de Beleza, Relaxamento, Sa\u00fade e Bem Estar na cidade de Pouso Alegre &#8211; MG.<\/strong><\/p>\n<p style=\"text-align: justify;\"><strong>\u00a0Desde Dezembro de 2014 o novo propriet\u00e1rio e Fisioterapeuta Dermato Funcional, Dr. Antonio Jos\u00e9 Bernardes Carvalho e toda a equipe Bella Spa Urbano seguem determinados com a miss\u00e3o de fazer do Bella Spa Urbano o melhor centro de Terapias, Est\u00e9tica e Beleza do Sul de Minas. Para isso o Bella\u00a0 conta com profissionais altamente capacitados e qualificados para os mais variados servi\u00e7os: Cabeleireiro, Maquiagem, Manicure &amp; Pedicure, Depila\u00e7\u00e3o, Est\u00e9tica Facial e Corporal, Nutricionista, Massoterapia, Pilates, Yoga, Acupuntura e Terapia Hol\u00edstica.<\/strong><\/p>\n<p style=\"text-align: justify;\"><strong>O Bella Spa Urbano esta localizado na rua\u00a0Vitor Laraia, n\u00ba 41, Bairro Santa L\u00facia\u00a0(na rua da Exacor da\u00a0Av. Vicente Sim\u00f5es), Pouso Alegre &#8211; MG.<\/strong><\/p>\n<p style=\"text-align: justify;\"><a href=\"http:\/\/www.bellaspaurbano.com.br\/site\/historia\/espaco-bella\/\" rel=\"attachment wp-att-1405\"><img loading=\"lazy\" decoding=\"async\" class=\"size-full wp-image-1405 alignright\" src=\"http:\/\/www.bellaspaurbano.com.br\/site\/wp-content\/uploads\/2014\/01\/ESPA\u00c7O-BELLA.jpg\" alt=\"ESPA\u00c7O BELLA\" width=\"2788\" height=\"2210\" \/><\/a><\/p>\n<p style=\"text-align: justify;\">\n<p style=\"text-align: justify;\">\n<p style=\"text-align: justify;\">\n<p style=\"text-align: justify;\">\n<p style=\"text-align: justify;\">\n<p style=\"text-align: justify;\">\n<p style=\"text-align: justify;\">\n<p style=\"text-align: justify;\">\n<p style=\"text-align: justify;\">\n","protected":false},"excerpt":{"rendered":"<p>Criado no ano de 2012, o Bella Spa Urbano \u00e9 um espa\u00e7o diferenciado, com ambientes agrad\u00e1veis e com in\u00fameros servi\u00e7os de Beleza, Relaxamento, Sa\u00fade e Bem Estar na cidade de Pouso Alegre &#8211; MG. \u00a0Desde Dezembro de 2014 o novo propriet\u00e1rio e Fisioterapeuta Dermato Funcional, Dr. Antonio Jos\u00e9 Bernardes Carvalho e toda a equipe Bella<a href=\"https:\/\/www.bellaspaurbano.com.br\/site\/historia\/\">[&#8230;]<\/a><\/p>\n","protected":false},"author":1,"featured_media":0,"parent":0,"menu_order":0,"comment_status":"open","ping_status":"closed","template":"","meta":{"footnotes":""},"class_list":["post-24","page","type-page","status-publish","hentry"],"_links":{"self":[{"href":"https:\/\/www.bellaspaurbano.com.br\/site\/wp-json\/wp\/v2\/pages\/24"}],"collection":[{"href":"https:\/\/www.bellaspaurbano.com.br\/site\/wp-json\/wp\/v2\/pages"}],"about":[{"href":"https:\/\/www.bellaspaurbano.com.br\/site\/wp-json\/wp\/v2\/types\/page"}],"author":[{"embeddable":true,"href":"https:\/\/www.bellaspaurbano.com.br\/site\/wp-json\/wp\/v2\/users\/1"}],"replies":[{"embeddable":true,"href":"https:\/\/www.bellaspaurbano.com.br\/site\/wp-json\/wp\/v2\/comments?post=24"}],"version-history":[{"count":23,"href":"https:\/\/www.bellaspaurbano.com.br\/site\/wp-json\/wp\/v2\/pages\/24\/revisions"}],"predecessor-version":[{"id":1407,"href":"https:\/\/www.bellaspaurbano.com.br\/site\/wp-json\/wp\/v2\/pages\/24\/revisions\/1407"}],"wp:attachment":[{"href":"https:\/\/www.bellaspaurbano.com.br\/site\/wp-json\/wp\/v2\/media?parent=24"}],"curies":[{"name":"wp","href":"https:\/\/api.w.org\/{rel}","templated":true}]}}

<p style="text-align: justify;"><strong><img loading="lazy" decoding="async" class="wp-image-1402 alignleft" src="http://www.bellaspaurbano.com.br/site/wp-content/uploads/2014/01/nova-montagem-logo.png" alt="nova montagem logo" width="167" height="183" srcset="https://www.bellaspaurbano.com.br/site/wp-content/uploads/2014/01/nova-montagem-logo.png 1777w, https://www.bellaspaurbano.com.br/site/wp-content/uploads/2014/01/nova-montagem-logo-600x657.png 600w, https://www.bellaspaurbano.com.br/site/wp-content/uploads/2014/01/nova-montagem-logo-594x650.png 594w, https://www.bellaspaurbano.com.br/site/wp-content/uploads/2014/01/nova-montagem-logo-936x1024.png 936w" sizes="(max-width: 167px) 100vw, 167px" />Criado no ano de 2012, o Bella Spa Urbano é um espaço diferenciado, com ambientes agradáveis e com inúmeros serviços de Beleza, Relaxamento, Saúde e Bem Estar na cidade de Pouso Alegre &#8211; MG.</strong></p>
<p style="text-align: justify;"><strong> Desde Dezembro de 2014 o novo proprietário e Fisioterapeuta Dermato Funcional, Dr. Antonio José Bernardes Carvalho e toda a equipe Bella Spa Urbano seguem determinados com a missão de fazer do Bella Spa Urbano o melhor centro de Terapias, Estética e Beleza do Sul de Minas. Para isso o Bella  conta com profissionais altamente capacitados e qualificados para os mais variados serviços: Cabeleireiro, Maquiagem, Manicure &amp; Pedicure, Depilação, Estética Facial e Corporal, Nutricionista, Massoterapia, Pilates, Yoga, Acupuntura e Terapia Holística.</strong></p>
<p style="text-align: justify;"><strong>O Bella Spa Urbano esta localizado na rua Vitor Laraia, nº 41, Bairro Santa Lúcia (na rua da Exacor da Av. Vicente Simões), Pouso Alegre &#8211; MG.</strong></p>
<p style="text-align: justify;"><a href="http://www.bellaspaurbano.com.br/site/historia/espaco-bella/" rel="attachment wp-att-1405"><img loading="lazy" decoding="async" class="size-full wp-image-1405 alignright" src="http://www.bellaspaurbano.com.br/site/wp-content/uploads/2014/01/ESPAÇO-BELLA.jpg" alt="ESPAÇO BELLA" width="2788" height="2210" /></a></p>
<p style="text-align: justify;">
<p style="text-align: justify;">
<p style="text-align: justify;">
<p style="text-align: justify;">
<p style="text-align: justify;">
<p style="text-align: justify;">
<p style="text-align: justify;">
<p style="text-align: justify;">
<p style="text-align: justify;">

<p>Criado no ano de 2012, o Bella Spa Urbano é um espaço diferenciado, com ambientes agradáveis e com inúmeros serviços de Beleza, Relaxamento, Saúde e Bem Estar na cidade de Pouso Alegre &#8211; MG.  Desde Dezembro de 2014 o novo proprietário e Fisioterapeuta Dermato Funcional, Dr. Antonio José Bernardes Carvalho e toda a equipe Bella<a href="https://www.bellaspaurbano.com.br/site/historia/">[&#8230;]</a></p>
