{"id":1198,"date":"2015-05-20T20:24:57","date_gmt":"2015-05-20T23:24:57","guid":{"rendered":"http:\/\/www.bellaspaurbano.com.br\/site\/?page_id=1198"},"modified":"2016-07-17T11:34:59","modified_gmt":"2016-07-17T14:34:59","slug":"massagem-redutora-2","status":"publish","type":"page","link":"https:\/\/www.bellaspaurbano.com.br\/site\/massagem-redutora-2\/","title":{"rendered":"Massagem Redutora"},"content":{"rendered":"<p style=\"text-align: justify;\"><a href=\"http:\/\/www.bellaspaurbano.com.br\/site\/pedras-quentes\/redutora\/\" rel=\"attachment wp-att-1870\"><img loading=\"lazy\" decoding=\"async\" class=\"aligncenter size-full wp-image-1870\" src=\"http:\/\/www.bellaspaurbano.com.br\/site\/wp-content\/uploads\/2014\/03\/Redutora.jpg\" alt=\"Redutora\" width=\"1369\" height=\"985\" srcset=\"https:\/\/www.bellaspaurbano.com.br\/site\/wp-content\/uploads\/2014\/03\/Redutora.jpg 1369w, https:\/\/www.bellaspaurbano.com.br\/site\/wp-content\/uploads\/2014\/03\/Redutora-600x432.jpg 600w, https:\/\/www.bellaspaurbano.com.br\/site\/wp-content\/uploads\/2014\/03\/Redutora-800x576.jpg 800w, https:\/\/www.bellaspaurbano.com.br\/site\/wp-content\/uploads\/2014\/03\/Redutora-768x553.jpg 768w, https:\/\/www.bellaspaurbano.com.br\/site\/wp-content\/uploads\/2014\/03\/Redutora-1024x737.jpg 1024w\" sizes=\"(max-width: 1369px) 100vw, 1369px\" \/><\/a><\/p>\n<p style=\"text-align: justify;\">Diferente da massagem modeladora, que \u00e9 feita por todo o corpo, a redutora se foca em locais espec\u00edficos como o abd\u00f4men e o culote. O Fisioterapeuta Dermato Funcional passa um creme redutor com propriedades drenantes e lipol\u00edticas para que suas m\u00e3os deslizem mais facilmente pelas regi\u00f5es escolhidas. Da\u00ed, ser\u00e3o realizados movimentos de amassamentos e de deslizamento profundos a fim de atingir a camada dos m\u00fasculos para mobilizar o tecido adiposo.<\/p>\n<p style=\"text-align: justify;\">Com isso, a regi\u00e3o ficar\u00e1 aquecida por causa do aumento da circula\u00e7\u00e3o sangu\u00ednea. Desse modo, as c\u00e9lulas adiposas se romper\u00e3o e a gordura ser\u00e1 enviada para a corrente sangu\u00ednea, que a eliminar\u00e1 pela urina em seguida. Do mesmo modo, toxinas e res\u00edduos ser\u00e3o eliminados, o que contribui para o controle das celulites.<\/p>\n<p style=\"text-align: justify;\">Contudo, para sentir os seus efeitos com mais rapidez \u00e9 importante\u00a0 praticar atividades f\u00edsicas periodicamente e fazer uma dieta balanceada e equilibrada.<\/p>\n<p style=\"text-align: justify;\">Ligue e agende seu hor\u00e1rio com o Fisioterapeuta Dermato Funcional do Bella Spa Urbano: (35) 3423-5679.<\/p>\n","protected":false},"excerpt":{"rendered":"<p>Diferente da massagem modeladora, que \u00e9 feita por todo o corpo, a redutora se foca em locais espec\u00edficos como o abd\u00f4men e o culote. O Fisioterapeuta Dermato Funcional passa um creme redutor com propriedades drenantes e lipol\u00edticas para que suas m\u00e3os deslizem mais facilmente pelas regi\u00f5es escolhidas. Da\u00ed, ser\u00e3o realizados movimentos de amassamentos e de<a href=\"https:\/\/www.bellaspaurbano.com.br\/site\/massagem-redutora-2\/\">[&#8230;]<\/a><\/p>\n","protected":false},"author":1,"featured_media":0,"parent":0,"menu_order":0,"comment_status":"open","ping_status":"open","template":"","meta":{"footnotes":""},"class_list":["post-1198","page","type-page","status-publish","hentry"],"_links":{"self":[{"href":"https:\/\/www.bellaspaurbano.com.br\/site\/wp-json\/wp\/v2\/pages\/1198"}],"collection":[{"href":"https:\/\/www.bellaspaurbano.com.br\/site\/wp-json\/wp\/v2\/pages"}],"about":[{"href":"https:\/\/www.bellaspaurbano.com.br\/site\/wp-json\/wp\/v2\/types\/page"}],"author":[{"embeddable":true,"href":"https:\/\/www.bellaspaurbano.com.br\/site\/wp-json\/wp\/v2\/users\/1"}],"replies":[{"embeddable":true,"href":"https:\/\/www.bellaspaurbano.com.br\/site\/wp-json\/wp\/v2\/comments?post=1198"}],"version-history":[{"count":4,"href":"https:\/\/www.bellaspaurbano.com.br\/site\/wp-json\/wp\/v2\/pages\/1198\/revisions"}],"predecessor-version":[{"id":1893,"href":"https:\/\/www.bellaspaurbano.com.br\/site\/wp-json\/wp\/v2\/pages\/1198\/revisions\/1893"}],"wp:attachment":[{"href":"https:\/\/www.bellaspaurbano.com.br\/site\/wp-json\/wp\/v2\/media?parent=1198"}],"curies":[{"name":"wp","href":"https:\/\/api.w.org\/{rel}","templated":true}]}}